6*w(z). Determine b(r).
18
Let o(r) = -3*r**3 + 21*r + 16*r + 1 - 35*r. Let s be o(-1). Let w(t) = -4*t - 2 + s*t + 0*t + 4. Determine w(4).
-6
Let j(l) = -22*l - 59. Let i be j(-4). Suppose 5*r = 3*t - i, -4*t - r + 0 + 8 = 0. Let x(g) = g**3 - 3*g**2 - 2*g + 5. Determine x(t).
-1
Let k be ((-30)/4)/3*-2. Let y(i) be the third derivative of i**6/120 - i**5/12 - i**4/24 + 5*i**3/6 + 3*i**2 + 30. Determine y(k).
0
Let p(g) = 12*g + 78. Let j be p(-7). Let z(o) = -33 - 7*o**2 + 7*o + 6*o**2 - 11*o - 23 + 62. What is z(j)?
-6
Let l = -3573 + 3568. Let z(q) = -2*q**2 - 11. What is z(l)?
-61
Let c(m) = 81*m**2 - m + 3. Let l(w) = -36*w**2 - 1. Let k(i) = -2*c(i) - 5*l(i). Determine k(1).
19
Let r(z) = -27*z - 162. Suppose 4*h + 20 + 0 = 2*s, 0 = -h + s - 4. What is r(h)?
0
Let m = 3905 - 3896. Let c(k) = 2 + k - 13 + 3 - 5. Determine c(m).
-4
Let t(h) be the first derivative of h**6/120 - h**3 + h**2/2 - 2. Let f(g) be the second derivative of t(g). Let o be ((1 + -1)/(-33 - -35))/1. What is f(o)?
-6
Let r(z) = -z**3 + 4*z**2 + 5*z - 7. Suppose 0 = -5*y + 384 - 359. Determine r(y).
-7
Let q = 526 + -522. Suppose 0 = 5*r + 21*h - 22*h + 1, -3*r + q = 4*h. Let v(g) be the third derivative of -g**4/24 + 7*g**3/6 + g**2. Determine v(r).
7
Let u(y) be the first derivative of 4*y + 1/3*y**3 - 110 - 5/2*y**2. Determine u(6).
10
Let u = -594 + 597. Let j(l) be the first derivative of 11 + 1/2*l**2 - l - l**u. Give j(1).
-3
Let z(w) be the third derivative of -w**5/120 - w**3/6 + w**2. Let v(c) be the first derivative of z(c). Suppose -299 = -150*y + 151. Determine v(y).
-3
Let m(q) = q - 7*q**2 - 7 + 2 - 4*q - 2*q. Let k(p) = 8*p - 29 + 10*p**2 + 15 + 21. Let s(b) = -5*k(b) - 7*m(b). Give s(-4).
4
Let h(v) be the first derivative of -15/2*v**2 + 1/6*v**3 - 3/8*v**4 - 9 + 0*v. Let n(t) be the second derivative of h(t). Determine n(2).
-17
Let k(d) = -79*d - 85. Let u(c) = -43*c - 44. Let j(x) = 6*k(x) - 11*u(x). Give j(-23).
-3
Let j(k) = k**3 + 5*k**2 + k + 1. Let y(x) = -276*x - 6. Let n be y(-1). Suppose 10*b + 540 + n = 0. Let q = 76 + b. Determine j(q).
-4
Let w(t) = -t - 1. Let a(p) = -13*p - 4. Let m(s) = a(s) + 3*w(s). Let r be m(-1). Let o(i) = -3*i + 22. Calculate o(r).
-5
Suppose -x - 164 = -z - 187, z - 3*x + 25 = 0. Let l(v) = v**3 + 22*v**2 - v - 48. Give l(z).
-26
Let s(g) = -2*g**3 + 6*g**2 + 5*g - 21. Let h be ((-153)/17)/9 + 4. What is s(h)?
-6
Let f(q) = 2*q**2 + 6*q - 2. Let r = -6865 - -6859. Determine f(r).
34
Let j(y) = 6*y - 215 + 6*y + 490 - 192. What is j(-11)?
-49
Suppose 11*v = 10*v - 27. Let l be 63/v + (-10)/6. Let n(m) = m**3 + 4*m**2 + 5*m + 6. What is n(l)?
-14
Let g(p) = -6*p - 2. Let j(l) = -5*l - 2. Let s = -673 - -678. Let n(d) = s*j(d) - 4*g(d). Determine n(-8).
6
Let z(w) be the third derivative of -18*w**2 + w**3 + 0*w + 0 - 1/24*w**4. Give z(5).
1
Let i = 138 - 278. Let g be 5*(i/25)/(-7). Suppose -s = -10 + g. Let y(j) = j**2 - 5*j - 2. Give y(s).
4
Let m(a) = -8*a**2. Let v(x) = -23*x**2 + 16*x + 47. Let w(g) = 3*m(g) - v(g). Give w(-7).
16
Let n(k) = -165 - 19*k - 183 + 15*k**2 - 3*k**3 + 2*k**3 + 347. What is n(13)?
90
Let v be (-6 + 5 - -2)*4. Let c(f) = f**2 + v*f - 3*f - 10 - 5*f - f. Determine c(7).
4
Let q be (-4)/(-38) - (-7488)/(-1824). Let s = 1 - -4. Let u(j) = 3 - 5 + j - s + 3. Give u(q).
-8
Suppose 4*p + 3*j - 8*j + 114 = 0, 106 = -4*p + j. Let k(t) = t**2 + 29*t + 80. What is k(p)?
2
Let l(y) be the second derivative of -y**5/20 + 4*y**4 - 8*y**3 + 19*y**2 + 1457*y - 1. Calculate l(47).
-9
Let k(h) be the third derivative of h**6/120 + h**5/30 - h**4/24 + h**3 + 3125*h**2. Determine k(-4).
-22
Let r(i) = i - 11. Let l be r(9). Let f = 0 + l. Let v(t) be the third derivative of t**5/30 + t**4/8 - t**2. Determine v(f).
2
Let d(m) = 1 + 3*m**3 - 7*m**3 + 3*m**3. Let s(u) be the second derivative of -u**5/20 + u**4/4 + 11*u**3/6 - 2*u**2 + 3*u - 13. Let g be s(5). What is d(g)?
0
Let j(h) = -8*h - 1. Let z be 2 - 18/(216/156). Let u(y) = 6*y - 3. Let r(f) = f - 1. Let l(c) = 3*r(c) - u(c). Let t(i) = z*l(i) + 4*j(i). Calculate t(6).
2
Let a(l) be the third derivative of l**6/120 - 13*l**5/60 + 2*l**4/3 + 2*l**3 + 1139*l**2 + 3*l. Calculate a(11).
-54
Let z(y) = y**3 + 9*y**2 - 4*y + 9. Let f(a) = -6*a**2 - 14*a + 17. Let m(u) = 5*u**2 + 12*u - 14. Let o(k) = -4*f(k) - 5*m(k). Let h be o(2). What is z(h)?
-51
Suppose 5524 = -28*b + 5636. Let o(g) = 5*g**2 - 16*g + 10. What is o(b)?
26
Let g(j) = 10*j**2 + 14*j - 15. Let z(n) = -18*n**2 - n + 1. Let v(r) = -g(r) - z(r). What is v(1)?
9
Let a(x) = -182*x**3 - 185*x**3 - 181*x**3 + 547*x**3 - 108 - 34*x**2 - 3*x. Calculate a(-34).
-6
Let l(q) = -q**3 - 5*q**2 + 2*q + 3. Let c(r) = -r**2 + r + 1. Let w(a) = 4*c(a) - l(a). Let x be (2 - (9 - 6)) + 24. Suppose -x*g = -18*g + 10. Give w(g).
-7
Let c be (-36 - 4/(-2)) + 3. Let n = -27 - c. Let y(p) = -n + 3*p + p**2 - 11*p - 3*p. Determine y(11).
-4
Let l(z) = -4*z**2 - 7*z - 4. Let o be l(-2). Let f be (-4)/1 + o + 30/6. Let s(w) = w + 7. Give s(f).
2
Suppose -1541 - 349 = -21*t. Suppose -2*m - t = 13*m. Let n(r) = -r**3 - 6*r**2 - 3*r + r + 3 + 3*r. Calculate n(m).
-3
Suppose -3*x - 4*y + 72 = x, -2*y = -6. Suppose -33 = -17*m + 188. Suppose x*q = m*q. Let j(k) = k - 4. Give j(q).
-4
Let t = -4 - 1. Let l(q) = -5 - 6*q + 9*q**2 - 9*q**2 + 0*q**2 - q**2. What is l(t)?
0
Let w(a) be the second derivative of -5*a**3/2 - 6*a**2 - 2*a - 402. What is w(-1)?
3
Let o be (-4)/(-7 - (-207)/27). Suppose 2*t - 4*t = 0. Let z(s) = 0 + s + t - 3 + 6. Calculate z(o).
-3
Let l(f) = 71*f + 4. Let t be l(1). Let w = t + -70. Let j(z) = z**3 - 4*z**2 - 4*z - 6. Calculate j(w).
-1
Let g = 15 - 7. Let f(x) = -1 + 4 - 76248668*x + 76248669*x. Calculate f(g).
11
Let c(v) be the second derivative of -v**4/12 - 5*v**3/3 + 19*v. Let y(b) = 0 + 6 + 8*b - 7. Let t be y(-1). Give c(t).
9
Suppose 10747 = -99*j + 11044. Let x(o) = -2*o + 41. Determine x(j).
35
Let b(u) = 2*u**3 + 17*u**2 - 10*u - 18. Let a be b(-9). Let h(n) = 7*n + 58. Calculate h(a).
-5
Let t(b) = 6*b**2 - 2*b - 2. Suppose 0 = -81*v - 61*v + 5*v + 274. Calculate t(v).
18
Let r(u) = 11*u + 5. Let y be 216/(-18)*(-2)/(-8). Give r(y).
-28
Let n(h) = h**3 - 4*h**2 - 2*h + 3. Let j(l) = 15*l**2 - 10*l + 21 - 3 - 22*l**2 + l**3. Let m be j(8). Let d be n(m). Let i(x) = -x**2 - 7*x + 5. What is i(d)?
-13
Let w(x) be the first derivative of -36 + 0*x + 3/2*x**2. What is w(-4)?
-12
Let t(o) = 3*o**2 + 9. Suppose 2*c + 4 = 2*x - 2, 3*x = -5*c + 17. Let i(w) = -w**2 + 1. Let y(l) = c*t(l) + 2*i(l). Suppose -3 = 13*b - 3. Calculate y(b).
11
Suppose 0 = -7*d - 4*d + 33. Suppose 0 = 4*o - d*o. Let j(k) = -2*k + 4. Determine j(o).
4
Let p(q) = q + 0*q - 2*q + 3 - q. Let i = -227 + 230. Suppose k = o + i*o - 25, 3*k + 3 = 0. Determine p(o).
-9
Let q(b) be the third derivative of 5/3*b**3 - 14*b - 1/30*b**5 + 0 + 1/3*b**4 - 2*b**2. Determine q(7).
-32
Let h(m) be the third derivative of -m**6/720 - 7*m**4/4 + m**3/2 + 228*m**2. Let g(z) be the second derivative of h(z). Give g(1).
-1
Let i(t) = 2*t**2 + 55*t**3 + 12263 - 3*t - 12263. Give i(1).
54
Let p(a) = 51*a - 199. Let q be p(4). Let x(v) = -2*v**3 + 6*v**2 + 6*v - 2. Give x(q).
-72
Let g(u) = -9*u + 7 - 4*u**2 + 48663*u**3 + 11*u**2 - 24330*u**3 - 24332*u**3. Give g(-8).
15
Let j be -3*(2 - (-6)/(-9)). Let p(d) = 22*d**2 - 3*d + 9. Let f be p(2). Let a(m) = -f + m + 49 + 46. Give a(j).
0
Let s(o) = 14*o**2 - 8*o - 3. Let y be s(3). Let p = 92 - y. Let f(g) = -g**3 - 6*g**2 + 9*g + 4. What is f(p)?
-10
Let m(g) = g - 2. Let a be m(2). Let x(f) = -2*f**2 + 2*f + 6. Let d(w) = w**2 - w - 5. Suppose -30*c = -25*c + 10. Let q(i) = c*x(i) - 3*d(i). What is q(a)?
3
Let n(w) be the third derivative of 0*w + 0 - 53*w**2 - w**3 + 1/8*w**4. Calculate n(4).
6
Let o(z) = z**3 + 34*z**2 - 37*z - 89. Let h be o(-35). Let d(w) = -w**2 - 21*w - 8. Determine d(h).
30
Suppose -55 + 115 = -3*w. Let b be (-24)/w*(-3 - (-68)/6). Let u(g) = 2*g - 14. Determine u(b).
6
Let s(m) = 2*m**3 + 3*m**2 + 20*m + 18. Let w be 7 + (3/2)/(195/(-1040)). Determine s(w).
-1
Suppose 1 = n - 4. Let i(u) = -n*u + 3*u - 6 + 0*u + 4*u. Suppose 57*b + 3*b = 14*b + 184. Calculate i(b).
2
Let b(u) = -u + 17. Let w(d) = -22*d + 300. Let i(y) = -36*b(y) + 2*w(y). Determine i(